80426443 prime?
False
Is 38234389 a prime number?
False
Is 8820683329 composite?
True
Is 53252345467 a prime number?
False
Is 11117029471 a prime number?
False
Is 3233112679 a prime number?
False
Is 128104051 a composite number?
False
Is 510746070061 composite?
True
Is 41804119139 composite?
True
Is 2840539201 composite?
False
Is 72408622721 composite?
False
Is 253413599 a prime number?
True
Is 285395441297 prime?
True
Is 833144423 composite?
True
Is 481777831 a composite number?
False
Is 138255689461 a prime number?
True
Is 232662767 prime?
True
Is 248965921 a prime number?
True
Is 1558390579 prime?
True
Is 2870457209 a composite number?
False
Is 339575573 a composite number?
True
Is 6035688397 composite?
False
Is 45844430923 composite?
False
Is 55788281 prime?
True
Is 10889278409 composite?
True
Is 2967597649 prime?
False
Is 3411934871 a prime number?
False
Is 132381437 a composite number?
False
Is 458644709 a prime number?
True
Is 945039701 a composite number?
True
Is 14349503481 prime?
False
Is 56672372021 composite?
False
Is 797463563 composite?
True
Is 22103479723 composite?
True
Is 63532756678 prime?
False
Is 101861377583 a composite number?
True
Is 44637064853 a prime number?
True
Is 36312073087 a composite number?
False
Is 2144863219 composite?
False
Is 831994993 a composite number?
False
Is 7853159107 prime?
True
Is 3496255877 a prime number?
True
Is 937095169 a prime number?
True
Is 1507715257 a composite number?
True
Is 50960174033 composite?
True
Is 1831575931 a composite number?
True
Is 16171431041 a composite number?
False
Is 43837782271 composite?
False
Is 15489912337 prime?
True
Is 7103090921 a prime number?
False
Is 116526375373 composite?
True
Is 3828838381 prime?
True
Is 53017476081 composite?
True
Is 1489724581 prime?
True
Is 5342878003 a prime number?
False
Is 5631453901 composite?
False
Is 86445131 a composite number?
False
Is 79848862843 composite?
True
Is 27618411215 a prime number?
False
Is 55348232479 a composite number?
False
Is 119044298969 composite?
False
Is 6980945291 prime?
False
Is 13998949339 prime?
False
Is 2634761123 a prime number?
False
Is 3729697 prime?
True
Is 1886647933 a prime number?
False
Is 885500269 a prime number?
False
Is 13275122383 prime?
False
Is 3361760321 a prime number?
True
Is 255270649349 a prime number?
True
Is 1488758261 composite?
False
Is 4019940401 prime?
True
Is 12459973913 a prime number?
True
Is 1773266639 composite?
False
Is 33340865213 prime?
False
Is 198695009 prime?
True
Is 18998857013 a composite number?
False
Is 1293580391 composite?
False
Is 11501051539 a composite number?
False
Is 980231617 prime?
True
Is 339448907 a prime number?
False
Is 1533342157 a composite number?
False
Is 6022913993 a composite number?
False
Is 1203588437 prime?
False
Is 10351767241 a prime number?
False
Is 7797563 composite?
False
Is 331422625099 prime?
True
Is 104325337 prime?
False
Is 106158181 a prime number?
True
Is 43074881023 a prime number?
True
Is 40555063229 composite?
False
Is 5536282553 prime?
True
Is 7280442959 a composite number?
True
Is 1747763 prime?
True
Is 80726718181 a composite number?
True
Is 14521295291 a prime number?
False
Is 71035087 prime?
False
Is 3268947347 composite?
False
Is 5602449869 composite?
True
Is 287538703 a prime number?
True
Is 1036455401 a composite number?
False
Is 1418861074 a composite number?
True
Is 14684712409 composite?
True
Is 1559240239 a composite number?
False
Is 4661992997 prime?
False
Is 23328912359 prime?
True
Is 14928967499 prime?
True
Is 2249839877 a prime number?
False
Is 4786989347 a prime number?
False
Is 12217665137 a prime number?
False
Is 3195608189 a composite number?
False
Is 18568254401 a composite number?
False
Is 18829915841 prime?
False
Is 588935491 prime?
True
Is 7636803333 prime?
False
Is 372768041 a composite number?
True
Is 9078342197 prime?
True
Is 1205194299 a composite number?
True
Is 24194114627 a prime number?
True
Is 329223289 a prime number?
True
Is 1528637681 composite?
False
Is 3257114781 composite?
True
Is 866156947 a composite number?
True
Is 15772245581 a prime number?
False
Is 26832013753 composite?
False
Is 2561783201 a prime number?
True
Is 638623283 a prime number?
True
Is 3959495206 prime?
False
Is 4646734123 a composite number?
False
Is 11881567329 composite?
True
Is 8286867451 a composite number?
False
Is 3903502403 a prime number?
True
Is 26258382701 a prime number?
True
Is 13757904187 prime?
False
Is 128173304639 prime?
True
Is 1001592629 composite?
False
Is 25346492549 a composite number?
True
Is 11207414038 composite?
True
Is 443608579 composite?
True
Is 30816760531 a prime number?
False
Is 46388838031 a composite number?
True
Is 587019313 prime?
True
Is 90383611831 a composite number?
False
Is 123173888933 composite?
False
Is 1399221457 prime?
False
Is 129253001 prime?
True
Is 10928947971 a composite number?
True
Is 437475221 a composite number?
False
Is 11556171559 prime?
True
Is 2738787803 a prime number?
True
Is 38164431853 a composite number?
False
Is 17667044321 a composite number?
False
Is 25206710323 a composite number?
False
Is 152154251 a prime number?
True
Is 603329651 a composite number?
True
Is 131170781941 prime?
False
Is 46702915817 composite?
True
Is 54193582843 prime?
False
Is 65142316493 a prime number?
True
Is 89205850831 a composite number?
False
Is 15236403547 prime?
True
Is 355588811 composite?
True
Is 213567986773 composite?
True
Is 3077336657 a prime number?
False
Is 468194631 a composite number?
True
Is 1906146799 a composite number?
False
Is 60002903 a prime number?
False
Is 7336094873 composite?
True
Is 1672492597 a composite number?
True
Is 1225152127 a composite number?
True
Is 135748749467 composite?
True
Is 346138481 a composite number?
True
Is 5677501 composite?
True
Is 57871124719 a composite number?
True
Is 54872501 a prime number?
True
Is 21588505427 a prime number?
True
Is 282305558333 a prime number?
True
Is 3901039379 composite?
False
Is 2956000501 composite?
True
Is 1773499307 composite?
False
Is 22146106085 a prime number?
False
Is 8076944017 prime?
False
Is 293178517 a composite number?
False
Is 323866919 prime?
True
Is 2645440561 a prime number?
True
Is 2611937697 composite?
True
Is 33629158411 a prime number?
True
Is 15585593 composite?
True
Is 16915777129 prime?
True
Is 536624263 composite?
True
Is 6352280167 composite?
False
Is 17819800733 a composite number?
True
Is 388841977 a prime number?
True
Is 181811389 prime?
False
Is 282031403 a prime number?
True
Is 503800714 prime?
False
Is 968520499 prime?
True
Is 511818546251 a composite number?
False
Is 397419823 a composite number?
False
Is 3164322422 a prime number?
False
Is 11926363279 composite?
True
Is 11436943423 prime?
False
Is 7635769 a composite number?
True
Is 485539309 composite?
True
Is 48573418909 a prime number?
False
Is 17569383518 a prime number?
False
Is 2032028837 composite?
False
Is 5878402499 a composite number?
False
Is 1419637039 composite?
False
Is 3695173231 a composite number?
False
Is 127680961 composite?
False
Is 4599755473 a composite number?
False
Is 55708783657 a composite number?
True
Is 449139907 a prime number?
False
Is 75566441 a composite number?
False
Is 128776058393 prime?
False
Is 20957091982 composite?
True
Is 6804901781 composite?
False
Is 2260580887 composite?
False
Is 46477030078 composite?
True
Is 205216211 a prime number?
True
Is 7095624622 a prime number?
False
Is 24123570007 a composite number?
True
Is 971230331 a composite number?
True
Is 13597466851 a composite number?
True
Is 5210522683 a prime number?
True
Is 105055024603 composite?
True
Is 4670214589 prime?
False
Is 69698062129 composite?
True
Is 50502203383 prime?
True
Is 449352877 composite?
False
Is 881163541 prime?
True
Is 8237226677 prime?
True
Is 176726569 a composite number?
False
Is 5294960987 a prime number?
True
Is 20239362217 a prime number?
True
Is 5104540163 composite?
True
Is 6640794679 a composite number?
False
Is 1951872059 a composite number?
True
Is 231985157 composite?
False
Is 2198481539 a prime number?
True
Is 28338117697 a prime number?
True
Is 963600982 a composite number?
True
Is 37254043991 prime?
True
Is 2933862881 prime?
True
Is 2841545923 prime?
True
Is 468757897 composite?
True
I